ose 5*u = g - 28. Calculate k(u).
-4
Let o = 43 + -44. Let p(d) = -d**3 + d**2 + 4*d + 2. Let t(l) = -2*l - l**2 - 2*l + 5*l + 1. Let i(m) = o*p(m) + 2*t(m). Give i(4).
8
Let y(k) = k**3 - 6*k**2 - 7*k + 3. Let d be y(7). Let c(g) be the second derivative of 1/6*g**d + 0 + 2*g - 3*g**2. Calculate c(0).
-6
Let c = -7 + 2. Suppose -5*o - 15 = -4*a + 3, 0 = -5*a + 3*o + 29. Let x(h) = 3*h - 4*h + 1 - a. Give x(c).
-1
Suppose -g = -3*g + 14. Let j(p) = 3*p - 8. Give j(g).
13
Let b(v) be the second derivative of -v**5/20 - v**4/6 + v**3/2 + v**2/2 - 20*v + 3. Give b(-3).
1
Let y(c) = c**2 + 2*c**3 - 3 - 2*c + 10 - c + 4*c**2. Let a(j) = j**3 + 2*j**2 - j + 3. Let s(w) = 5*a(w) - 2*y(w). Give s(-1).
-1
Suppose x - 2*o + 5 = 0, 2*o = 3*x + 4*o - 17. Let r(s) = 2*s - 4. Give r(x).
2
Let v(m) = 20*m**2 + 14*m - 9. Let l(h) = -7*h**2 - 5*h + 3. Let y(t) = 17*l(t) + 6*v(t). Let x be ((-10)/4)/((-4)/8). Suppose 2*r - x*r = 0. Determine y(r).
-3
Suppose 7 = -3*u + j, -j - 1 = u - 2*j. Let a(r) be the second derivative of r**4/12 + r**3/6 - 3*r**2/2 - r. Determine a(u).
3
Let a be 7*3*5/(-15). Let m be 1 - a/((-14)/(-12)). Let k(w) = -w**2 + 8*w - 4. Give k(m).
3
Let a(i) = -10*i**2 + 13*i. Let l(u) be the third derivative of -u**5/20 + u**4/6 - 5*u**2. Let h(o) = 2*a(o) - 7*l(o). Let z be ((-12)/8)/(6/(-8)). Give h(z).
0
Let d be -3 + (2 - -1) - 18. Let z be 3/2*24/d. Let c(n) = -n**2 + 9*n. Let t(o) = -2*o**2 + 14*o. Let b(g) = -8*c(g) + 5*t(g). Give b(z).
-4
Let w be -2*1*2/4. Let r(o) be the second derivative of o**5/15 - o**3/3 - o. Let l(h) be the second derivative of r(h). Give l(w).
-8
Let z(r) = -r**2 - 5*r + 8. Let j be 9/((-36)/16) + -2. What is z(j)?
2
Let s(q) = -4*q**2 + 5*q**2 + q**3 + 820 - 2*q - 820. Calculate s(2).
8
Let o(n) = -n**3 - n**2 - 2 + 2*n**2 + n + 3. Let q be 3 - 6/3 - -4. Let m = -5 + q. What is o(m)?
1
Let l(z) be the first derivative of z**3/3 - 9*z**2/2 + 5*z - 10. Calculate l(6).
-13
Let y be (12/(-8))/(6/32). Let q be (12/y)/(2/4). Let a(v) = -v**3 - 3*v**2 - v + 2. Give a(q).
5
Suppose 0 = 4*c - 8. Let m(g) = -c*g - 1 - 8*g**2 + 2*g**2 - 2*g**2. Give m(-1).
-7
Suppose c + 5 = 2*c. Let g(i) = c + i**3 + 2 - 3 - i**2 - i. Let h be (-2 - 1) + (-3)/(-1). What is g(h)?
4
Let k(d) be the third derivative of d**5/60 - d**4/3 + d**3 - 4*d**2. Calculate k(8).
6
Let w(f) = f**2 - 9*f + 12. Let v = -37 + 45. Give w(v).
4
Let r(d) = -d**3 - 13*d**2 + d + 16. Suppose -3*o + 208 = -19*o. Calculate r(o).
3
Let x(t) = -7*t**2 + 11*t - 1. Let h(n) = -3*n**2 + 5*n - 1. Let m(l) = -5*h(l) + 2*x(l). Determine m(3).
3
Let m(z) be the third derivative of z**5/60 + z**4/6 + 5*z**3/6 + z**2. Let x be 2 - (-7 - (1 + -15)). Determine m(x).
10
Let a(p) = p**2 + 5*p + 3. Let t be a(-4). Let h(j) be the third derivative of 0*j + 0*j**3 + 0 - j**2 - 1/15*j**5 + 1/24*j**4. Give h(t).
-5
Let l(f) be the first derivative of -f**4/4 - 14*f**3/3 - 7*f**2 - 14*f - 25. What is l(-13)?
-1
Let k(u) = -u**3 - u**2 - 3*u**3 - 4 + 5*u**3. Suppose -f - 5*n - 20 = 0, -3*n - 4 - 8 = 0. Give k(f).
-4
Let f(z) be the first derivative of -z**6/45 + 2*z**3/3 + 5. Let t(u) be the third derivative of f(u). Give t(-1).
-8
Let l = -35 + 36. Let t(v) = -4*v**3 - v**2. What is t(l)?
-5
Let k(y) = -5*y - 2*y**2 + 0 + y**2 + 1. Let d(z) = -z**3 - z**2 - z - 5. Let l be 3/6*0/(-2). Let q be d(l). Give k(q).
1
Suppose 2*i = -3*d + 2*d - 9, -3*i - 13 = d. Let s(f) = -f + 4. Let t(j) = 3. Let q(o) = -2*s(o) + 3*t(o). Calculate q(d).
-1
Let r(f) be the second derivative of -f**5/20 - f**4/4 - f**3/2 + f. Let d(w) = -w**2 - w. Let y(s) = -4*d(s) - r(s). Give y(-6).
-6
Let n(g) be the third derivative of g**2 + 0 + 1/60*g**5 + 1/24*g**4 - 2/3*g**3 + 0*g + 1/120*g**6. Let s(j) = -j**2 + 1. Let l be s(1). Give n(l).
-4
Let r(c) be the second derivative of -c**8/960 + c**7/2520 - c**4/3 - 5*c. Let d(m) be the third derivative of r(m). Give d(-1).
8
Let r(j) be the first derivative of j**5/120 + 7*j**4/24 + j**3 + 5. Let z(b) be the third derivative of r(b). Determine z(-5).
2
Suppose -7*t + 5*z + 35 = -2*t, 4*t - 30 = 5*z. Suppose 4*u = 8*u + 2*o, -t*o - 7 = 3*u. Let i(v) = 6*v - 1. Give i(u).
5
Let a(k) = -5 - 4 - k + 4. Let q(r) = -3*r + r + 4*r**2 + 4 + 0*r**2 - r**3 + 0*r. Let y be q(4). Calculate a(y).
-1
Let b(x) be the first derivative of -3*x**3 + 5*x**2 + 15*x + 2. Let z(f) = 5*f**2 - 5*f - 8. Let m(k) = 4*b(k) + 7*z(k). Give m(5).
4
Let p(z) = 16*z - 9. Let q(h) = 3*h - 2. Let t(w) = 2*p(w) - 11*q(w). Determine t(8).
-4
Let v(m) = 2*m - 1. Let b(g) = 2*g. Let h(n) = 2*b(n) - 3*v(n). Give h(2).
-1
Let y(h) = 36*h**3 - 11*h**2 + 5*h + 3. Let r(o) = 12*o**3 - 4*o**2 + 2*o + 1. Let k(g) = -11*r(g) + 4*y(g). Give k(1).
11
Let v(m) be the second derivative of m**3/6 + 10*m. Determine v(-6).
-6
Suppose 113*z = 116*z - 12. Let a(s) = 4*s - 6. Calculate a(z).
10
Let s(t) = -t**3 - 3*t + 1. Suppose -3*n + 4*k - 3 = k, 13 = 5*n + k. Calculate s(n).
-13
Let p(d) = d**3 + 6. Let q(i) = i + 5. Let j be 68/(-6) + (-4)/6. Let u = j + 7. Let k be q(u). Give p(k).
6
Let u(s) = 1 + s**3 - 3*s + 6*s**2 + s**2 + 10*s. Suppose 4*d - 2 = -26. What is u(d)?
-5
Let l(d) = -d - 2. Let b(p) = 6*p + 11. Let m(a) = 2*b(a) + 11*l(a). Suppose 2 + 4 = -3*h. Let c be 10*h/(-4)*-1. Determine m(c).
-5
Let c(p) = p**2 + 5*p - 4. Suppose 0 = -4*g - 9*j + 4*j + 16, -g - j = -4. Let f be -3*g/(-6)*1. Suppose 2*v + 2 = -f*k, -10 = -2*k - 4. Calculate c(v).
-8
Suppose -4*p - 14 = 2*d + 20, -d - p - 16 = 0. Let h = d - -16. Let j(z) = 13*z**3 - z**2. Calculate j(h).
12
Let a = 3 - 0. Let f(q) = -4. Let p(m) = m + 7. Let z(s) = a*p(s) + 7*f(s). Determine z(5).
8
Suppose -3*q - t + 5 = 0, -4*q + t = -6*q + 2. Let k be (2/q)/(4/(-30)). Let y(z) = -z**2 - 6*z + 2. Give y(k).
7
Let m(x) = x**3 + x**2 + 4. Let y be m(0). Let h(q) = q**3 - 4*q**2 - 4. What is h(y)?
-4
Suppose -8 = 4*z, 3*n + 2*z - 2 = 3*z. Let t(d) = d - 4. Calculate t(n).
-4
Let v(c) = -c + 1. Let z(s) = -4*s**2 + 6*s - 6. Let a(m) = -6*v(m) - z(m). Calculate a(1).
4
Let j(c) = 2*c - 5. Let r be ((-2)/(-4))/((-17)/(-272)). Give j(r).
11
Let r(w) = -2*w + 3. Let l be 3 - (6/2)/(4 - 1). What is r(l)?
-1
Let z(n) = -15*n - n**3 - 8*n**2 - 15*n + 6 - 3 + 25*n. Give z(-7).
-11
Suppose -5 = -2*y + 3. Suppose 0 = 4*n + 3*t, -24 + 8 = y*t. Let p(k) = -2*k + 4*k**3 + 7*k**2 - 3*k**3 + 8*k + n. What is p(-6)?
3
Let c be ((-2)/(-5))/(2/(-10)). Let p(t) = t**3 + 6*t**2 - 16*t - 5. Let q(o) = -2*o**3 - 10*o**2 + 25*o + 8. Let n(x) = 8*p(x) + 5*q(x). Calculate n(c).
14
Suppose -2*b - 2*b + 10 = -2*s, 2*b + 4 = -2*s. Let h(g) = -b + 0*g + 3*g - 5*g**2 + 2*g**2. Let r be (-5 + 13)*2/8. Give h(r).
-7
Let s(u) = -4*u**2 - 2*u + 5. Let b(c) = 7*c**2 + 5*c - 9. Let h(i) = 3*b(i) + 5*s(i). Determine h(-6).
4
Suppose 4*p - 6 = -2. Let q(j) = 7*j - 1. Determine q(p).
6
Suppose -c + 3*c = -12. Let z(h) be the second derivative of -h**4/12 - 5*h**3/6 + 11*h. Calculate z(c).
-6
Let p(g) be the second derivative of -g**4/6 - g**3/6 - 5*g**2/2 - 5*g. Let j(n) = n**2 - n - 1. Let q(b) = -3*j(b) - p(b). Calculate q(6).
-4
Let q be (3/9)/(2/6). Let d be (-3)/(q + 15/(-6)). Suppose -d*c = -11 + 1. Let x(w) = -w + 3. What is x(c)?
-2
Let r(x) be the first derivative of -x**6/360 - x**5/60 + x**4/24 + x**3/3 - 6. Let g(o) be the third derivative of r(o). Give g(1).
-2
Let s(j) = -8*j**3 + 2*j - 1. Let g(o) = 2*o**3 - 2*o**2 + 1. Let u be g(1). Calculate s(u).
-7
Let g(h) = -2*h - 1. Let y be (-2)/6 + (-56)/(-24). Suppose -6*j + 4 = -4*i - 2*j, -3*i = -y*j. What is g(i)?
-5
Let u = 43 - 45. Let d(p) = p**3 + 3*p**2 + 2*p - 2. Determine d(u).
-2
Let u(o) = 8*o**3 - 1. Let v(b) = b. Let a be v(3). Suppose -a = -0*t - 3*t. Calculate u(t).
7
Let s(p) be the third derivative of p**6/120 - p**5/15 - p**4/4 + p**3/3 + 9*p**2. Give s(5).
-3
Let j be 5*((-128)/20)/4. Suppose 6 = -2*u + u. Let t = u - j. Let x(l) = l + 1. Give x(t).
3
Let w(y) = -4*y - 7. Let v be w(-2). Suppose 0*q = 2*q + 4, b = -5*q - 10. Let s = v + b. Let k(x) = -x**2 - x + 1. Determine k(s).
-1
Let a(c) be the third derivative of -c**6/120 - c**5/30 + c**3/6 + 9*c**2. Determine a(-2).
1
Let h(y) = -y - 9. Let n = 4 - -5. Let f be -5 + (n/3)/(-3). Determine h(f).
-3
Let h(j) = -j**3 - 2*j**2 + 2*j. Let z = 14 + -6. Let m = -